actors of (-3)/y - (-114)/10?
2, 3
Let d = -12 - -27. Suppose 6 + 14 = 5*z. Suppose d = -n + z*n. What are the prime factors of n?
5
Let w = 17 + -32. Let p = w - -24. What are the prime factors of p?
3
Let x(d) = -2*d + 3. Let z be x(-3). List the prime factors of 10/5 + 1 + z.
2, 3
Suppose 4*u = a, -5*a - u + 48 = 3*u. Let h = a + 0. What are the prime factors of h?
2
Let w = -145 + 223. Suppose 2*a - w = -a. What are the prime factors of a?
2, 13
Let m be ((-3)/2)/(6/120). Let w = m + 45. List the prime factors of w.
3, 5
Let r = 3 - 1. Suppose 0 = -m - m + 28. Suppose -6 = -r*b + m. List the prime factors of b.
2, 5
Suppose 0*v = -v + 5*x + 17, -3*x + 141 = 5*v. Suppose 3*r + 68 = 7*r. Let a = v - r. What are the prime factors of a?
2, 5
Let w = -11 - -8. Let d(y) = 3*y + 9. Let o(a) = -8*a - 22. Let k(v) = 12*d(v) + 5*o(v). What are the prime factors of k(w)?
2, 5
Suppose -4*f + 0*n = -n + 1, n = 1. Let h(w) be the third derivative of w**5/60 - w**4/24 + 5*w**3/3 + 3*w**2. What are the prime factors of h(f)?
2, 5
Let k be -1*(4 + 1*-2). Let u = k + 4. Suppose -4*v + u*o + 50 = -0*v, 2*v = -4*o + 50. What are the prime factors of v?
3, 5
Suppose 0 = -4*f - 4, -4*s + f + 4 = -3*s. List the prime factors of s.
3
Let s = -21 + 35. What are the prime factors of s?
2, 7
Suppose -2*p = 3 - 27. What are the prime factors of 0*4/p - -16?
2
Let u be 2 + 4 + -7 + -72. Let c = 126 + u. What are the prime factors of c?
53
Let z = 23 + -14. Suppose -4*v = -7*v + z. Let x(j) = 2*j - 3. What are the prime factors of x(v)?
3
Suppose -4*c + 2*a = -2*a, -4*a + 2 = -3*c. Suppose -2*z = -8, -c = -2*n - 2*z + 10. List the prime factors of n.
2
Let u be 3 + 2 + 2/1. Suppose -33 = 4*o - u*o. What are the prime factors of o?
11
Let f(m) = 9*m**2 - 7*m - 8. List the prime factors of f(-3).
2, 47
Let x = 0 + -21. Let m = x + 26. What are the prime factors of m?
5
Let t = 0 - 0. Let s be (-2)/4*0 + t. Let b = s + 2. What are the prime factors of b?
2
Let s(l) = -3*l + 9. Let h be s(-7). Suppose 115 = 5*c + h. What are the prime factors of c?
17
Let s be (5/5)/(1 - 0). Suppose 0*u = -u + 2. What are the prime factors of s*7 + u/1?
3
Let l be (4/1)/2 + 8. Let x = l - -2. What are the prime factors of x?
2, 3
Let s(o) = o**2 - 8*o + 8. Let w be s(8). Suppose -d + 37 - w = 0. List the prime factors of d.
29
Suppose 0*b - 3*b + 39 = 0. Suppose -3*u = -4*f + 10, -4*u + 7 = 3*f - b. Suppose -8 = -u*p + p + c, -3 = 3*c. What are the prime factors of p?
7
Suppose -2*p + 4*p - 112 = 0. What are the prime factors of p?
2, 7
Let w = -16 + 18. Suppose 16 = p + w. List the prime factors of p.
2, 7
Let l = 13 - -33. Suppose -3*y = -d - 3*d + 184, -d = -2*y - l. List the prime factors of d.
2, 23
Let n(z) = z**2 - 4*z + 2. Let s be n(4). Suppose -36 = -5*c + s*c. List the prime factors of c.
2, 3
List the prime factors of -2*6/4 + 73.
2, 5, 7
Let z(x) = x**2 - 12*x + 7. What are the prime factors of z(12)?
7
List the prime factors of 671/5 - 14/105*-6.
3, 5
Suppose -f = -5 - 9. Let z = f + -2. Let k = z + -8. List the prime factors of k.
2
What are the prime factors of (-4 + 8)/(3/3)?
2
Suppose 97*t = 102*t - 25. What are the prime factors of t?
5
Let o = -8 + 101. List the prime factors of o.
3, 31
Let i = 32 - 21. Let z(p) = -i - 2 + 14*p - p**2 - 4. What are the prime factors of z(12)?
7
Let j(g) = g**3 + 2*g**2 - 2*g + 3. Let s be j(-3). Suppose t = -s*t + 24. What are the prime factors of t?
2, 3
Suppose -2*y = -90 - 6. What are the prime factors of y?
2, 3
Suppose 2*k = -0 + 4. Let i = -4 + 9. Suppose 0 = -c - i, -2*q + k*c = -q - 25. List the prime factors of q.
3, 5
Let w = 51 - 17. What are the prime factors of w?
2, 17
Let d be 10 + (1/(-1) - -3). Let u = 20 - d. List the prime factors of u.
2
Let r = -77 + 144. What are the prime factors of r?
67
Let f = 468 + -220. What are the prime factors of f?
2, 31
What are the prime factors of 1 + (-9)/(-3) + 6?
2, 5
Let l be 38/14 - 8/(-28). Suppose 2*k + l*w + 3 = 12, -w - 5 = 0. List the prime factors of k.
2, 3
Let t(i) = -3*i - 4. Suppose 4*u + 0*u + 20 = -s, -s + 20 = -4*u. What are the prime factors of t(u)?
11
Let f be 0*(-3)/(-6) - -4. Suppose -2*s - 100 = -f*g, 5*g - 2*s = -4*s + 116. List the prime factors of g.
2, 3
List the prime factors of (-1*(-4 - -3))/(2/104).
2, 13
Let c = 8 + -4. Suppose 0 = r + r + c, -2*p - 2*r = -2. List the prime factors of p.
3
Let s = -6 - -3. Let z = 0 - s. List the prime factors of 4 - (z - 2 - 1).
2
Suppose 0 = 2*f + 3*f - 40. Let r(l) = 2*l**3 + l - 1 + 0*l - l**3 - f*l**2. List the prime factors of r(8).
7
Let u be 18/81 + (-364)/18. Let y = u - -48. List the prime factors of y.
2, 7
Let v be 72/16*64/(-6). Let w = v - -88. List the prime factors of w.
2, 5
Let d be 6/7*(-343)/(-7). Suppose -5*o + 3*v = 50, -4*v + 8 + d = -5*o. List the prime factors of (-4)/10 - 134/o.
13
Let y(g) = -3*g - 8. Let m be y(-7). Suppose a + 3*u + m = 0, 5*a - 5*u + 0*u = 15. List the prime factors of a - 0/3 - -8.
7
List the prime factors of 178/10 - (-4)/20.
2, 3
Let a(d) be the first derivative of -d**3/3 - d**2/2 + 7*d + 3. Let r = 0 - 0. What are the prime factors of a(r)?
7
What are the prime factors of (66*(-2)/4)/(1/(-4))?
2, 3, 11
Let q = 24 - 44. Let m = q + 30. What are the prime factors of m?
2, 5
Let i be 0 + -2*(-9)/6. Suppose -x = x. Suppose x = -i*s + s + 10. List the prime factors of s.
5
Let g(p) = 6*p + 8. What are the prime factors of g(4)?
2
Let d(y) = 3*y + 48. List the prime factors of d(0).
2, 3
Let i = -2 - -5. What are the prime factors of i?
3
Let b = -9 + 8. Suppose 2*j + 12 = 3*j. Let c = b + j. List the prime factors of c.
11
Suppose 3*x - 2*q - 14 = -2, x - 4*q - 14 = 0. Suppose z = x*z - 37. List the prime factors of z.
37
Let i(p) = p**3 + 4*p**2 - 3*p - 5. List the prime factors of i(-2).
3
What are the prime factors of ((-292)/(-8))/((-3)/(-6))?
73
Let m = -39 - -61. List the prime factors of m.
2, 11
Let o(c) = -24*c + 1. What are the prime factors of o(-1)?
5
Let c = 53 - 21. Let t = c + -10. What are the prime factors of t?
2, 11
Suppose 4*f = 5*y - 294, -2*y - 4*f + 139 + 1 = 0. List the prime factors of y.
2, 31
List the prime factors of (-20)/14*(6 - 13).
2, 5
Let l(c) = -3*c + 0 + c**2 + 3*c - c - 3. Let r be l(-3). Let p = 16 - r. List the prime factors of p.
7
Let h be 12 - (2 + 0 - 3). Suppose -2*x + 39 = 3*f, 0*x - x + 5*f = h. Suppose 28 = 2*r + 5*p, 4*r + 0 = p + x. What are the prime factors of r?
2
Suppose 182 - 731 = -3*g - 3*i, -2*g + 363 = 3*i. List the prime factors of g.
2, 3, 31
Let j(b) = -b**3 + 10*b**2 + b - 11. Let p be j(10). Let w = p - -9. List the prime factors of w.
2
Suppose -2*v = v - 138. List the prime factors of v.
2, 23
Let k = -4 + 5. Let d = 2 + k. Suppose -5 = -d*f + 4. List the prime factors of f.
3
Let u(b) be the third derivative of b**5/60 - b**3/3 - 3*b**2. What are the prime factors of u(3)?
7
Suppose 0 = 2*o - w - 4, w + 9 = 5*o - w. Let b = 13 - 9. Let r = b - o. What are the prime factors of r?
3
Let m be (-10)/(-6) - 8/12. Let v = -2 + m. What are the prime factors of v/3 + (-74)/(-6)?
2, 3
Let r be (-1)/3 + 4/(-6). Let v = r - -17. What are the prime factors of v?
2
Let q = 13 - -12. Suppose 0 = 9*a - 4*a + q, l - 4*a - 23 = 0. Suppose 0 = m - 6 + l. What are the prime factors of m?
3
Let b = -153 + 239. List the prime factors of b.
2, 43
Let s(r) = r + 4. Let h be s(-4). Suppose h = 5*v + 161 - 1261. List the prime factors of 4/(-14) - v/(-35).
2, 3
Let k = 2 - -6. What are the prime factors of k?
2
Suppose 10*g = 5*g + 380. List the prime factors of g.
2, 19
Suppose -638 = -2*d + 4*c, 5*d - 1652 + 97 = 2*c. List the prime factors of d.
3, 103
Let m(h) = -4*h - 3. Let y be m(-5). Let p = 24 - y. List the prime factors of p.
7
Let m be 15*(0 + -2 + 3). Suppose 4*x - m = -x. Suppose -11 = -5*t - 2*p, x*p = 2*t - 10 - 2. What are the prime factors of t?
3
Suppose 0 = -5*m - 4*t + 160, -2*m = 2*t + t - 71. List the prime factors of m.
2, 7
Suppose 4*r = 5*k + 5, 4*r + k - 4*k - 3 = 0. Suppose -5*w - 1 + 11 = r. Suppose 0 = w*j + 3*j - 30. List the prime factors of j.
2, 3
Let j(i) = i**2 - 8*i + 2. Let d be j(8). Suppose 0 = -4*y + f + 21, -6*y - f = -3*y - 21. Let r = y - d. List the prime factors of r.
2
Let a = -16 +